{"id":125,"date":"2024-01-30T16:30:51","date_gmt":"2024-01-30T16:30:51","guid":{"rendered":"https:\/\/pamijuconsulting.com\/?post_type=product&#038;p=125"},"modified":"2024-02-06T11:13:25","modified_gmt":"2024-02-06T10:13:25","slug":"inversiones-en-activos-inmobiliarios","status":"publish","type":"product","link":"https:\/\/pamijuconsulting.com\/index.php\/producto\/inversiones-en-activos-inmobiliarios\/","title":{"rendered":"Inversiones en activos inmobiliarios"},"content":{"rendered":"<p>Descubra una oportunidad \u00fanica de inversi\u00f3n en activos inmobiliarios en Madrid, el coraz\u00f3n geogr\u00e1fico de la pen\u00ednsula. Con un casco hist\u00f3rico que se entrelaza armoniosamente con modernas infraestructuras, una amplia oferta de alojamientos y servicios, y tecnolog\u00eda de vanguardia, Madrid se destaca como una de las principales capitales para invertir en el mundo occidental.<\/p>\n<p>Hogar de empresas prominentes y un influyente centro cultural, Madrid ofrece extensos parques, una eficiente red de transporte liderada por la segunda red de metro m\u00e1s extensa de Europa y uno de los aeropuertos m\u00e1s concurridos del continente. Aproveche la atractiva inversi\u00f3n inmobiliaria en Madrid y Espa\u00f1a, caracterizada por precios competitivos en comparaci\u00f3n con otras capitales europeas.<\/p>\n","protected":false},"excerpt":{"rendered":"<p>Descubra una oportunidad \u00fanica de inversi\u00f3n en activos inmobiliarios.\u200b<\/p>\n","protected":false},"featured_media":131,"comment_status":"open","ping_status":"closed","template":"","meta":[],"product_cat":[21],"product_tag":[],"class_list":{"0":"post-125","1":"product","2":"type-product","3":"status-publish","4":"has-post-thumbnail","6":"product_cat-productos","8":"first","9":"instock","10":"shipping-taxable","11":"purchasable","12":"product-type-simple"},"_links":{"self":[{"href":"https:\/\/pamijuconsulting.com\/index.php\/wp-json\/wp\/v2\/product\/125","targetHints":{"allow":["GET"]}}],"collection":[{"href":"https:\/\/pamijuconsulting.com\/index.php\/wp-json\/wp\/v2\/product"}],"about":[{"href":"https:\/\/pamijuconsulting.com\/index.php\/wp-json\/wp\/v2\/types\/product"}],"replies":[{"embeddable":true,"href":"https:\/\/pamijuconsulting.com\/index.php\/wp-json\/wp\/v2\/comments?post=125"}],"wp:featuredmedia":[{"embeddable":true,"href":"https:\/\/pamijuconsulting.com\/index.php\/wp-json\/wp\/v2\/media\/131"}],"wp:attachment":[{"href":"https:\/\/pamijuconsulting.com\/index.php\/wp-json\/wp\/v2\/media?parent=125"}],"wp:term":[{"taxonomy":"product_cat","embeddable":true,"href":"https:\/\/pamijuconsulting.com\/index.php\/wp-json\/wp\/v2\/product_cat?post=125"},{"taxonomy":"product_tag","embeddable":true,"href":"https:\/\/pamijuconsulting.com\/index.php\/wp-json\/wp\/v2\/product_tag?post=125"}],"curies":[{"name":"wp","href":"https:\/\/api.w.org\/{rel}","templated":true}]}}